{"id":5431,"date":"2025-04-16T16:27:58","date_gmt":"2025-04-16T21:27:58","guid":{"rendered":"https:\/\/cliktelecomunicaciones.com.co\/?page_id=5431"},"modified":"2025-04-16T17:01:22","modified_gmt":"2025-04-16T22:01:22","slug":"reporte-colcert","status":"publish","type":"page","link":"https:\/\/cliktelecomunicaciones.com.co\/?page_id=5431","title":{"rendered":"REPORTE COLCERT"},"content":{"rendered":"\t\t<div data-elementor-type=\"wp-page\" data-elementor-id=\"5431\" class=\"elementor elementor-5431\">\n\t\t\t\t\t\t<section class=\"elementor-section elementor-top-section elementor-element elementor-element-3fa2027 elementor-section-boxed elementor-section-height-default elementor-section-height-default wpr-particle-no wpr-jarallax-no wpr-parallax-no wpr-sticky-section-no\" data-id=\"3fa2027\" data-element_type=\"section\">\n\t\t\t\t\t\t<div class=\"elementor-container elementor-column-gap-default\">\n\t\t\t\t\t<div class=\"elementor-column elementor-col-100 elementor-top-column elementor-element elementor-element-4a0cf25\" data-id=\"4a0cf25\" data-element_type=\"column\">\n\t\t\t<div class=\"elementor-widget-wrap elementor-element-populated\">\n\t\t\t\t\t\t<div class=\"elementor-element elementor-element-a24e8a6 elementor-widget elementor-widget-heading\" data-id=\"a24e8a6\" data-element_type=\"widget\" data-widget_type=\"heading.default\">\n\t\t\t\t<div class=\"elementor-widget-container\">\n\t\t\t\t\t<h2 class=\"elementor-heading-title elementor-size-default\">REPORTE DE INCIDENTES DE SEGURIDAD DIGITAL, GESTIONADOS POR LAS ENTIDADES<\/h2>\t\t\t\t<\/div>\n\t\t\t\t<\/div>\n\t\t\t\t\t<\/div>\n\t\t<\/div>\n\t\t\t\t\t<\/div>\n\t\t<\/section>\n\t\t\t\t<section class=\"elementor-section elementor-top-section elementor-element elementor-element-550edf0 elementor-section-boxed elementor-section-height-default elementor-section-height-default wpr-particle-no wpr-jarallax-no wpr-parallax-no wpr-sticky-section-no\" data-id=\"550edf0\" data-element_type=\"section\">\n\t\t\t\t\t\t<div class=\"elementor-container elementor-column-gap-default\">\n\t\t\t\t\t<div class=\"elementor-column elementor-col-100 elementor-top-column elementor-element elementor-element-8bd4ee8\" data-id=\"8bd4ee8\" data-element_type=\"column\">\n\t\t\t<div class=\"elementor-widget-wrap elementor-element-populated\">\n\t\t\t\t\t\t<div class=\"elementor-element elementor-element-4677a3c elementor-widget elementor-widget-text-editor\" data-id=\"4677a3c\" data-element_type=\"widget\" data-widget_type=\"text-editor.default\">\n\t\t\t\t<div class=\"elementor-widget-container\">\n\t\t\t\t\t\t\t\t\t<p><strong>Reporte de Incidente o Vulnerabilidad<\/strong><\/p><p>Para reportar un incidente o vulnerabilidad, deber\u00e1 escribir directamente a:<\/p><ul><li><strong>Correo electr\u00f3nico:<\/strong><a href=\"mailto:contacto@colcert.gov.co\">contacto@colcert.gov.co<\/a><\/li><li><strong>Clave PGP\/GPG:<\/strong>0x8B134C7E<\/li><\/ul><p><strong>Para enviar una muestra de malware, escriba a<\/strong>:<\/p><ul><li><strong>Correo electr\u00f3nico:<\/strong><a href=\"mailto:malware@colcert.gov.co\">malware@colcert.gov.co<\/a><\/li><li><strong>Clave PGP\/GPG:<\/strong>0xEE3184F1<\/li><\/ul><p><strong>Informaci\u00f3n de Contacto<\/strong><\/p><ul><li>Nombre(s) y Apellido(s)<\/li><li>Pa\u00eds<\/li><li>Zona horaria<\/li><li>N\u00famero de Tel\u00e9fono<\/li><li>Correo electr\u00f3nico<\/li><li>Nombre de la Entidad (si aplica)<\/li><li>N\u00famero de Tel\u00e9fono de la entidad (si aplica)<\/li><li>N\u00famero de M\u00f3vil<\/li><li>Tipo de Organizaci\u00f3n:<\/li><li>Gobierno<\/li><li>Privada<\/li><li>Operador de Infraestructura Cr\u00edtica<\/li><\/ul><p>\u00a0<\/p><ul><li>Tipo de Sector (Ver art\u00edculo)<\/li><\/ul><p><strong>Informaci\u00f3n del Host(s) Objetivo(s)<\/strong><\/p><ul><li>Nombres de los hosts y direcciones IPs<\/li><li>Funci\u00f3n del sistema (web server, mail server, etc.)<\/li><li>Sistema(s) Operativo(s)<\/li><li>Aplicaciones involucradas en el incidente<\/li><\/ul><p><strong>Informaci\u00f3n del Host(s) Origen<\/strong><\/p><ul><li>Nombres de los hosts y direcciones IPs<\/li><li>Funci\u00f3n del sistema (web server, mail server, etc.)<\/li><li>Sistema(s) Operativo(s)<\/li><\/ul><p>\u00a0<\/p><ul><li>Aplicaciones involucradas en el incidente<\/li><\/ul><p><strong>Informaci\u00f3n del Incidente<\/strong><\/p><ul><li>Fecha y hora (Timestamp)<\/li><li>Zona horaria del Incidente<\/li><li>Tipo de Incidente:<\/li><li>Taxonom\u00eda (seleccione la clase y el tipo que aplique al incidente):<\/li><li>Descripci\u00f3n adicional<\/li><\/ul><p>Si desea enviar informaci\u00f3n de logs u otro tipo de informaci\u00f3n, por favor utilice nuestra llave p\u00fablica que est\u00e1 publicada en el siguiente link:<\/p><ul><li><strong>Clave PGP\/GPG:<\/strong>\u00a00x8B134C7E<\/li><\/ul><p>Nota: A vuelta de correo se le enviar\u00e1 un ticket asignado al incidente.<\/p><p>\u00a0<\/p>\t\t\t\t\t\t\t\t<\/div>\n\t\t\t\t<\/div>\n\t\t\t\t\t<\/div>\n\t\t<\/div>\n\t\t\t\t\t<\/div>\n\t\t<\/section>\n\t\t\t\t<section class=\"elementor-section elementor-top-section elementor-element elementor-element-7b66ed0 elementor-section-boxed elementor-section-height-default elementor-section-height-default wpr-particle-no wpr-jarallax-no wpr-parallax-no wpr-sticky-section-no\" data-id=\"7b66ed0\" data-element_type=\"section\">\n\t\t\t\t\t\t<div class=\"elementor-container elementor-column-gap-default\">\n\t\t\t\t\t<div class=\"elementor-column elementor-col-100 elementor-top-column elementor-element elementor-element-acddf4b\" data-id=\"acddf4b\" data-element_type=\"column\">\n\t\t\t<div class=\"elementor-widget-wrap elementor-element-populated\">\n\t\t\t\t\t\t<div class=\"elementor-element elementor-element-1b04aa6 elementor-widget elementor-widget-heading\" data-id=\"1b04aa6\" data-element_type=\"widget\" data-widget_type=\"heading.default\">\n\t\t\t\t<div class=\"elementor-widget-container\">\n\t\t\t\t\t<h2 class=\"elementor-heading-title elementor-size-default\"><a href=\"https:\/\/cliktelecomunicaciones.com.co\/wp-content\/uploads\/2025\/04\/ABC-Proceso-de-Gestion-de-Incidentes_3_compressed.pdf\">MANUAL DE REPORTES COLCERT GOBIERNO DE COLOMBIA<\/a><\/h2>\t\t\t\t<\/div>\n\t\t\t\t<\/div>\n\t\t\t\t\t<\/div>\n\t\t<\/div>\n\t\t\t\t\t<\/div>\n\t\t<\/section>\n\t\t\t\t<section class=\"elementor-section elementor-top-section elementor-element elementor-element-23d6275 elementor-section-boxed elementor-section-height-default elementor-section-height-default wpr-particle-no wpr-jarallax-no wpr-parallax-no wpr-sticky-section-no\" data-id=\"23d6275\" data-element_type=\"section\">\n\t\t\t\t\t\t<div class=\"elementor-container elementor-column-gap-default\">\n\t\t\t\t\t<div class=\"elementor-column elementor-col-100 elementor-top-column elementor-element elementor-element-ce43ed4\" data-id=\"ce43ed4\" data-element_type=\"column\">\n\t\t\t<div class=\"elementor-widget-wrap elementor-element-populated\">\n\t\t\t\t\t\t<div class=\"elementor-element elementor-element-b7397de elementor-widget elementor-widget-image\" data-id=\"b7397de\" data-element_type=\"widget\" data-widget_type=\"image.default\">\n\t\t\t\t<div class=\"elementor-widget-container\">\n\t\t\t\t\t\t\t\t\t\t\t\t<figure class=\"wp-caption\">\n\t\t\t\t\t\t\t\t\t\t\t<a href=\"https:\/\/www.colcert.gov.co\/800\/w3-article-198656.html\">\n\t\t\t\t\t\t\t<img fetchpriority=\"high\" decoding=\"async\" width=\"281\" height=\"186\" src=\"https:\/\/cliktelecomunicaciones.com.co\/wp-content\/uploads\/2025\/04\/POLITICA-DE-SEGURIDAD.jpg\" class=\"attachment-large size-large wp-image-5442\" alt=\"\" srcset=\"https:\/\/cliktelecomunicaciones.com.co\/wp-content\/uploads\/2025\/04\/POLITICA-DE-SEGURIDAD.jpg 281w, https:\/\/cliktelecomunicaciones.com.co\/wp-content\/uploads\/2025\/04\/POLITICA-DE-SEGURIDAD-200x132.jpg 200w, https:\/\/cliktelecomunicaciones.com.co\/wp-content\/uploads\/2025\/04\/POLITICA-DE-SEGURIDAD-24x16.jpg 24w, https:\/\/cliktelecomunicaciones.com.co\/wp-content\/uploads\/2025\/04\/POLITICA-DE-SEGURIDAD-36x24.jpg 36w, https:\/\/cliktelecomunicaciones.com.co\/wp-content\/uploads\/2025\/04\/POLITICA-DE-SEGURIDAD-48x32.jpg 48w\" sizes=\"(max-width: 281px) 100vw, 281px\" \/>\t\t\t\t\t\t\t\t<\/a>\n\t\t\t\t\t\t\t\t\t\t\t<figcaption class=\"widget-image-caption wp-caption-text\">POLITICA PUBLICA DE SEGURIDAD DIGITAL<\/figcaption>\n\t\t\t\t\t\t\t\t\t\t<\/figure>\n\t\t\t\t\t\t\t\t\t<\/div>\n\t\t\t\t<\/div>\n\t\t\t\t\t<\/div>\n\t\t<\/div>\n\t\t\t\t\t<\/div>\n\t\t<\/section>\n\t\t\t\t<\/div>\n\t\t","protected":false},"excerpt":{"rendered":"<p>REPORTE DE INCIDENTES DE SEGURIDAD DIGITAL, GESTIONADOS POR LAS ENTIDADES Reporte de Incidente o Vulnerabilidad Para reportar un incidente o vulnerabilidad, deber\u00e1 escribir directamente a: Correo electr\u00f3nico:contacto@colcert.gov.co Clave PGP\/GPG:0x8B134C7E Para enviar una muestra de malware, escriba a: Correo electr\u00f3nico:malware@colcert.gov.co Clave PGP\/GPG:0xEE3184F1 Informaci\u00f3n de Contacto Nombre(s) y Apellido(s) Pa\u00eds Zona horaria N\u00famero de Tel\u00e9fono Correo electr\u00f3nico Nombre de la Entidad (si aplica) N\u00famero de Tel\u00e9fono de la entidad (si aplica) N\u00famero de M\u00f3vil Tipo de Organizaci\u00f3n: Gobierno Privada Operador de Infraestructura Cr\u00edtica \u00a0 Tipo de Sector (Ver art\u00edculo) Informaci\u00f3n del Host(s) Objetivo(s) Nombres de los hosts y direcciones IPs Funci\u00f3n del sistema (web server, mail server, etc.) Sistema(s) Operativo(s) Aplicaciones involucradas en el incidente Informaci\u00f3n del Host(s) Origen Nombres de los hosts y direcciones IPs Funci\u00f3n del sistema (web server, mail server, etc.) Sistema(s) Operativo(s) \u00a0 Aplicaciones involucradas en el incidente Informaci\u00f3n del Incidente Fecha y hora (Timestamp) Zona horaria del Incidente Tipo de Incidente: Taxonom\u00eda (seleccione la clase y el tipo que aplique al incidente): Descripci\u00f3n adicional Si desea enviar informaci\u00f3n de logs u otro tipo de informaci\u00f3n, por favor utilice nuestra llave p\u00fablica que est\u00e1 publicada en el siguiente link: Clave PGP\/GPG:\u00a00x8B134C7E Nota: A vuelta de correo se le enviar\u00e1 un ticket asignado al incidente. \u00a0 MANUAL DE REPORTES COLCERT GOBIERNO DE COLOMBIA POLITICA PUBLICA DE SEGURIDAD DIGITAL<\/p>\n","protected":false},"author":1,"featured_media":0,"parent":0,"menu_order":0,"comment_status":"closed","ping_status":"closed","template":"","meta":{"_joinchat":[],"footnotes":""},"class_list":["post-5431","page","type-page","status-publish","hentry"],"_links":{"self":[{"href":"https:\/\/cliktelecomunicaciones.com.co\/index.php?rest_route=\/wp\/v2\/pages\/5431","targetHints":{"allow":["GET"]}}],"collection":[{"href":"https:\/\/cliktelecomunicaciones.com.co\/index.php?rest_route=\/wp\/v2\/pages"}],"about":[{"href":"https:\/\/cliktelecomunicaciones.com.co\/index.php?rest_route=\/wp\/v2\/types\/page"}],"author":[{"embeddable":true,"href":"https:\/\/cliktelecomunicaciones.com.co\/index.php?rest_route=\/wp\/v2\/users\/1"}],"replies":[{"embeddable":true,"href":"https:\/\/cliktelecomunicaciones.com.co\/index.php?rest_route=%2Fwp%2Fv2%2Fcomments&post=5431"}],"version-history":[{"count":11,"href":"https:\/\/cliktelecomunicaciones.com.co\/index.php?rest_route=\/wp\/v2\/pages\/5431\/revisions"}],"predecessor-version":[{"id":5445,"href":"https:\/\/cliktelecomunicaciones.com.co\/index.php?rest_route=\/wp\/v2\/pages\/5431\/revisions\/5445"}],"wp:attachment":[{"href":"https:\/\/cliktelecomunicaciones.com.co\/index.php?rest_route=%2Fwp%2Fv2%2Fmedia&parent=5431"}],"curies":[{"name":"wp","href":"https:\/\/api.w.org\/{rel}","templated":true}]}}